 of (-224)/u - (-4)/(-6)?
8
Let m be (3 - -1)*(-30)/8. Let j(d) = d**3 + 15*d**2 + d + 19. Let y be j(m). What is the units digit of ((-6)/y)/(2/(-60))?
5
Suppose 18*j - 11196 = 12*j. What is the units digit of j?
6
Let n = -75 + 42. Let k = n + 53. What is the units digit of k?
0
Let t be 2 + (3 - 13) + 0. Let y be 11 + 4*4/t. Let s(b) = 5*b - 13. What is the tens digit of s(y)?
3
Suppose -4*s = -18 - 2. Let i be 55/s - 0/(-1). Let v(o) = -o**2 + 13*o - 12. What is the tens digit of v(i)?
1
Let m(t) be the second derivative of -7*t**4/24 - 7*t**3/6 + 5*t**2/2 + t. Let s(b) be the first derivative of m(b). What is the units digit of s(-3)?
4
Let l be -144 + 2/6*(16 + -4). What is the units digit of 60/l + 48/14?
3
Let i(j) = 115*j + 788. What is the units digit of i(14)?
8
Let y(b) = -b**3 + 3*b**2 + b + 2. Let m(o) = o**3 + 9*o**2 - 9*o + 14. Let u be m(-10). Let d be y(u). Let l = 15 - d. What is the tens digit of l?
2
Let p = 735 - 450. Suppose -4*h = -291 - p. What is the units digit of h?
4
What is the hundreds digit of -176*9/(396/(-781))?
1
Suppose 3*m = 2*l - 2625, -13*l = -9*l - 4*m - 5256. What is the units digit of l?
7
Let i = 705 + -359. What is the hundreds digit of i?
3
Suppose 3*f - 1 = 5*s + 3, -3*f + 3*s + 6 = 0. Suppose f*v - 4*t - 100 = 0, 92 = v + 2*v + 4*t. What is the units digit of v?
2
Suppose 5*d - y - 3*y = 573, -4*d = -y - 465. Let q = -65 + d. What is the tens digit of q?
5
Suppose 0 = 7*o - 2*o - 10. Suppose o*x = 4*x - 36. Let v = x + -1. What is the units digit of v?
7
Let u be (0*(-3)/(-6))/(-2). Suppose -4*l + l = -5*c - 15, u = 2*l - 10. Suppose 3*r - 2*r - 8 = c. What is the units digit of r?
8
Let l = -21 - -21. Suppose -3 = -x - l*x. Suppose -99 = -3*j - 3*b, x*j - 3*b = 114 + 9. What is the tens digit of j?
3
Let d(k) = -k**2 - 8*k - 4. Let c be d(-7). Suppose -c*v + 16 = -7*v. What is the units digit of 6*9/2 - v?
1
What is the units digit of (-197 - (9 + -6))*3/(-2)?
0
Let f(l) = -l**2 - 8*l - 21. Let d be f(-6). Let t(i) = -i**3 - 10*i**2 - 13*i + 7. What is the tens digit of t(d)?
4
Let g(w) be the second derivative of w**5/20 + 19*w**4/12 + 8*w**3/3 - 15*w**2/2 + 5*w. What is the tens digit of g(-18)?
2
Suppose -2*m - 93 + 773 = 0. What is the hundreds digit of m?
3
Let a = 7 - 6. Let b be a/(-1) + (-3)/3. What is the tens digit of (b + 0)*(-33)/6?
1
What is the hundreds digit of 4504/(-24)*21/(-7)?
5
Suppose -2*n = 3*n + 10. Let h be (-3)/(9/24*n). What is the units digit of 2/4 + 170/h?
3
Let d = -21 + 28. Suppose -22 = d*r + 48. What is the units digit of (-444)/(-10) - r/(-25)?
4
Suppose 1188 = -0*l + 9*l. Suppose 0 = 2*y - 5*k - 39 - l, -4*y - 5*k + 267 = 0. What is the units digit of y?
3
Suppose 21*z = 26*z - 5045. What is the hundreds digit of z?
0
Let h(l) = 395*l**2 + 3*l - 4. What is the tens digit of h(1)?
9
Let o be 4/18 + 100/36. Let j = o + 8. What is the tens digit of j?
1
Let g = 46 + -13. Let u = g + -2. Suppose -l - 6 = -u. What is the units digit of l?
5
Suppose g + 0*g = 2. Suppose g*y + 4 = 10. Suppose y*p - 6 = p. What is the units digit of p?
3
Suppose -12 = 2*l - i, -3*l + 8*l - 3*i + 30 = 0. Let b(v) = -6*v + 43. What is the units digit of b(l)?
9
Let h be 6*2*(-3)/(-4). Let p = h - 5. Suppose p*v + 34 = 162. What is the tens digit of v?
3
Suppose -18 - 2 = 4*q. Let w(l) = l**3 + 6*l**2 + 5*l + 3. Let h be w(q). What is the units digit of ((-2)/h)/((-7)/42)?
4
Let r = -185 + 177. Let t(m) = 79*m**3 + m. Let u be t(1). Let w = r + u. What is the tens digit of w?
7
Suppose -6*z - 25 = -z. What is the tens digit of (-15)/z*86/6?
4
Let v be 4/(-6)*10815/(-14). Let i = v - 335. What is the hundreds digit of i?
1
Let u be ((-8)/10)/(2/(-5)). Let p be (-5)/(-2*1 - (-6 + 5)). Suppose u*m - d - 26 = 0, p*d = 3*m - 5*m + 26. What is the units digit of m?
3
Let w be 4/8 + 3/(-2) - -68. Let z = w - 57. What is the units digit of z?
0
Let b(k) = k**3 - 2*k**2 - 5*k + 2. Suppose -6*r + 10 = -4*r. Let h be b(r). Suppose g - h = -0*g. What is the tens digit of g?
5
Let v = 193 - -84. What is the tens digit of v?
7
Let b(a) be the first derivative of 39*a**2/2 - 66*a + 33. What is the units digit of b(6)?
8
Let k(d) = d + 8. Let z be k(-8). Suppose 5*i = n + 4*n - 150, z = -4*i - 4. What is the tens digit of n?
2
Suppose 0 = -i - 9*c + 4*c + 1457, i - 1452 = -4*c. What is the thousands digit of i?
1
Suppose 12*i - 13*i - 274 = 0. What is the units digit of (-3)/2*i/3?
7
Let r = 407 + 64. What is the tens digit of r?
7
Let f(g) = g**2 - 33*g - 149. What is the tens digit of f(52)?
3
Let u = 750 - 199. What is the hundreds digit of u?
5
Suppose 14*z = 6*z + 32. Suppose 4*c - 588 = -5*m, -62 = -m + z*c + 46. Suppose 0*a + 4*k + 132 = 4*a, -4*a - 4*k + m = 0. What is the tens digit of a?
3
Suppose 3*a - 3*x = 42, 5*x + 28 + 8 = 3*a. Suppose 0*j + j - a = 0. What is the tens digit of j?
1
Let g = -1633 - -2291. What is the hundreds digit of g?
6
Let f = 517 - 264. Suppose 14*u - f = 3*u. What is the tens digit of u?
2
Let c be 388/(-44) - (-2)/(-11). Let s = 14 + c. Suppose -4*i = -2*t - 3 - 9, -5*i - s*t - 15 = 0. What is the units digit of i?
1
Let l = -24 + 18. Let q(n) = n**3 + 7*n**2 - 8*n - 6. Let o be q(l). Suppose 2*f + 4*z = o, -5*z + 34 = f - 17. What is the units digit of f?
1
Let d = 252 - 42. Suppose m - d = -2*m. What is the units digit of m?
0
Let a be (56/70)/((-2)/10). What is the units digit of 33 + 0 + a + 7?
6
Suppose 5*w = m - 195, -4*m + 1055 = -5*w + 260. What is the hundreds digit of m?
2
Suppose 3*m = 37 - 16. Suppose 3*x - m = 3*l + 17, 4*l = -2*x - 20. Let w(t) = -12*t - 6. What is the tens digit of w(l)?
6
Let l be (-40)/(-3)*(-6 + (-75)/(-10)). Suppose 3*j = -a + 124, 3*j - l = -j. What is the units digit of a?
9
Let m(w) = -w**3 - 26*w**2 - 32*w - 49. What is the hundreds digit of m(-27)?
5
Let w be (-1)/3 + 109/3. Let i = w + -33. What is the units digit of (i + 0)*13 - 4?
5
What is the thousands digit of (-9)/(-63) - 13803/(-7)?
1
Let d = -28 + 54. Let z = 2 + d. Let a = z + 2. What is the units digit of a?
0
Suppose 6 - 56 = -5*j. Suppose -6*b - j = -11*b - 4*h, -2*b + 4 = h. Suppose 31 = 4*p + c, 2*p - 8 = -b*c + 12. What is the units digit of p?
7
Suppose -43 = -2*k + 99. Let v = k + 7. What is the units digit of v?
8
Suppose 2*b - 2*c = 571 - 169, 5*b - 995 = 3*c. Suppose -b - 1476 = -8*k. What is the hundreds digit of k?
2
Let r = -56 + 56. Suppose -3*q + 160 = -r*q + s, 272 = 5*q - s. What is the tens digit of q?
5
Let t(u) = -u**3 - u**2 + 2*u + 31. What is the units digit of t(-6)?
9
Let m = 1759 - 821. What is the hundreds digit of m?
9
Let c be 0 + -2*(2 - -1). Let k be 5/(15/c)*-1. Suppose -141 = -5*p + f, -3*p = -k*p + f - 27. What is the tens digit of p?
2
Let b be 2 - (-1 - 0) - 7. Let r = b - -6. Suppose -2*u - 2*j + 79 = -j, 91 = r*u + 5*j. What is the units digit of u?
8
Let y = -216 + 470. What is the units digit of y?
4
Let b = 227 - 80. What is the units digit of b?
7
Suppose 0 = -4*t - b - 68, 3*t + 5*b + 49 = -2. Let p be 338/t - 50/425. What is the tens digit of p/(2 - -3) + 63?
5
Let r be ((-1440)/(-56))/(6/56). Suppose 0 = -3*j - 0*j + r. What is the tens digit of j?
8
Suppose -20 = 5*x, 330 = 3*n + 3*x - 837. What is the units digit of n?
3
Let g(f) = -f**3 - 3*f**2 + 5*f - 12. Let z be g(-5). Let o be 1*(3 + -3 + z). Suppose -5*l = -17 - o. What is the units digit of l?
6
Let k(m) be the first derivative of 23*m**2/2 + 6*m + 27. What is the units digit of k(5)?
1
Let a = 320 - -620. What is the tens digit of a?
4
Suppose 0*m + 2*d - 2001 = -5*m, m - 4*d = 387. What is the hundreds digit of m?
3
Let y(r) = 513*r + 1. What is the tens digit of y(3)?
4
Let r = -1531 + 3426. What is the hundreds digit of r?
8
Let s be (9/(-18))/((-2)/16). Suppose 2*r = -s*g - 1 + 11, -2*g + 3 = -r. What is the units digit of ((-21)/14)/(g/(-24))?
8
Let l(a) = -a**2 - 37*a + 33. What is the units digit of l(-27)?
3
Suppose -3*b + 3*r - 15 = 0, -2*r + 6 = 2*b - 4. Suppose 4*t + a - 28 = 0, 2*t - 2*a = -b*a + 4. What is the units digit of t?
6
Let v be (-2 - (-337 + -1)) + 5 + -6. Let r = v - 129. What is the hundreds digit of r?
2
Let o(x) = 2*x**3 + x**2 + x + 16. Let u(p) = -p**3 - 2*p - 15. Let i(w) = 3*o(w) + 4*u(w). What is the hundreds digit of i(4)?